tors of j(z)?
2, 3
Suppose -2*m - w + 0*w + 43 = 0, 0 = m + 5*w - 26. Suppose 5 = -4*a + m. Suppose -8*x = -4*x - a*k - 40, 0 = x + 4*k - 35. List the prime factors of x.
3, 5
Let i(z) = 6*z**2 - 10*z - 26. Suppose -4*h - k = 16, 6*h + 37 = h + 3*k. List the prime factors of i(h).
2, 3, 29
Suppose 0 = 25*r + 98142 + 7432 - 547999. List the prime factors of r.
3, 17, 347
Suppose 4*n - 2*m - 32786 = 3408, 2*n - 3*m - 18095 = 0. List the prime factors of n.
9049
Let c(x) = 106*x**2 - 78*x - 190. List the prime factors of c(25).
2, 3, 5, 2137
Suppose -3*z + 1 = -35. What are the prime factors of 6627/z + 6/8?
7, 79
Let t be 8542/(-10) + (-23)/(-115). Let u = -461 - t. List the prime factors of u.
3, 131
Let q(w) = w**2 - w - 32. Let f be q(7). Suppose -1677 = -f*a - 107. Let g = 382 - a. What are the prime factors of g?
3, 5
What are the prime factors of (288/128)/(6/22520)?
3, 5, 563
Suppose -5*m - 131 = -n, 98 = n - 2*m - 30. Let t = 236 + n. What are the prime factors of t?
2, 181
Suppose 3*o - 3*t = 7929, 5*o + 168*t = 167*t + 13185. What are the prime factors of o?
2, 1319
Let s(k) = 9*k - 11. Let t be s(2). Let v(z) = 33*z + 16. Let b(u) = -22*u - 11. Let m(p) = t*b(p) + 5*v(p). What are the prime factors of m(3)?
2, 3
Suppose -21 = s - 27. Suppose -4*i + 2460 = 4*u, -i + s*i = 3*u - 1845. What are the prime factors of u?
3, 5, 41
Suppose 0 = -2*d + 9*d + 23*d - 1298400. List the prime factors of d.
2, 5, 541
Let r(j) = j**3 + 6*j**2 + 2*j - 12. Let q be r(-5). Let g = q - 4. Let o(c) = -67*c + 2. List the prime factors of o(g).
3, 23
Let a be (1/3)/(16/(-48)). Let b be (0*4/20)/(3/a). Suppose -14*v + b*v + 2198 = 0. List the prime factors of v.
157
Let p = 43 + -31. Suppose 0 = 5*o - 3*r + 28, -3*r + 0 = -3*o - p. What are the prime factors of 2*(-6)/o + (-358)/(-4)?
7, 13
Suppose -c = 2*v - 2*c + 22, 0 = 4*c + 16. Let w(u) = -13*u. Let l be w(v). Suppose -4*t + 55 = r, 3*r - 3*t - 71 - l = 0. List the prime factors of r.
3, 5
Let i = -4177 + 13163. What are the prime factors of i?
2, 4493
Suppose 3*h = -2*r - 11, 4*h = 9 + 3. Let d(l) = 2*l**3 + 24*l**2 + 7*l + 25. List the prime factors of d(r).
5, 71
Suppose -67398 = -3*h - 5*q, 436*q - 44937 = -2*h + 431*q. List the prime factors of h.
3, 7487
Suppose 128*f - 109*f - 32604 = 0. List the prime factors of f.
2, 3, 11, 13
What are the prime factors of (-37)/222 - 1657269/(-54)?
2, 3, 5, 11, 31
Let r be 2/(-10) - (24/4)/(-30). Suppose 5*x + 34 - 44 = r. Let v(s) = 18*s + 4. List the prime factors of v(x).
2, 5
Suppose -5*i - 44 = -4*s + 17, 5*s = 3*i + 86. Suppose -2*h + 1716 = 4*j, 855 = h + 18*j - s*j. List the prime factors of h.
2, 107
Let s(z) = -7*z + 7. Let j be s(-5). Suppose 1271 = j*m - 41*m. List the prime factors of m.
31, 41
Let v be 4*((-1)/(4/(-28)) - 3). Let j be (-285)/(-10)*v/3. Suppose -3*d = -67 - j. What are the prime factors of d?
73
Let s = 19020 - -51479. What are the prime factors of s?
11, 13, 17, 29
Suppose -3*n + 26246 = g, 13*n + 104952 = 4*g + 9*n. What are the prime factors of g?
2, 5, 41
Let d = 446 - 436. Suppose -2744 = -d*f + 3406. What are the prime factors of f?
3, 5, 41
Let h(v) = -406*v**3 + 11*v + 62. What are the prime factors of h(-3)?
29, 379
What are the prime factors of (697472/(-352))/(1/(-11))?
2, 5449
Let v(b) = 23*b**3 - 6*b**2 + 63*b - 312. What are the prime factors of v(7)?
2, 1931
Let d = -316 - -320. Suppose -l - 4*g + 2384 = 2*l, -4*g = d*l - 3184. List the prime factors of l.
2, 5
Suppose -16*a + 85 + 107 = 0. Suppose -6*g + a*g = 3342. List the prime factors of g.
557
Let w be (-3)/(3/8) - -3. Let i be (36/w)/(4/30). List the prime factors of (-214)/(-9) - 3/i*4.
2, 3
Suppose 2 + 6 = q. Let u(x) = 13 + x + 21 - 7*x - q*x - x**2. List the prime factors of u(-15).
19
Let y(t) = -61*t + 68. Let a be y(8). Let q = a - -739. List the prime factors of q.
11, 29
What are the prime factors of -4*(-2)/56 - 3520975/(-175)?
2, 5, 503
Let v = -6145 - -12324. What are the prime factors of v?
37, 167
Suppose 4*t - n = 7361, 2*t - 3683 = 3*n - 0*n. Suppose 4*b + t = 9*b. List the prime factors of b.
2, 23
Let m(x) = 16*x**3 - 9*x**2 - 4*x + 113. List the prime factors of m(14).
42197
Let l = 1142 + 8970. What are the prime factors of l?
2, 79
Suppose -17*t + 1331 + 590 = 0. Suppose t*a = 115*a - 692. List the prime factors of a.
2, 173
Let a(u) = 34096*u**2 + 13*u + 14. List the prime factors of a(-1).
7, 4871
Let k = -56 - -61. Suppose 0*y + 145 = k*y. What are the prime factors of y?
29
Suppose 3*o = -12*k + 9*k + 804, -4*k - 12 = 0. Suppose 4*b - o - 1802 = -5*i, -4*b - 2097 = -5*i. What are the prime factors of i?
3, 139
Suppose d = -665 + 5109. List the prime factors of d.
2, 11, 101
Let r = 22 - 20. Let g be r - 182*(-1)/(-2). Let t = 14 - g. List the prime factors of t.
103
Suppose i = 2*o - 6*o + 98, -5*i = -10. What are the prime factors of o/(-42) + 5356/14?
2, 191
Suppose 2*o - 4*w + 20 = -0*o, o = -2*w - 14. Let f = 184 + o. Suppose 175*b = f*b + 693. What are the prime factors of b?
3, 7, 11
Suppose -4*g = -11 - 1, -1606 = 5*c - 2*g. List the prime factors of -12 + 7 - c/1.
3, 5, 7
Let p(k) = 5*k**2 + 12*k + 1. Let c be p(-3). Suppose 4*d = c*d - 24. Suppose d*m - 99 - 701 = 0. What are the prime factors of m?
2, 5
Suppose -2*h - 27922 = -5*d, -5*d + 6*h + 42843 - 14937 = 0. What are the prime factors of d?
2, 3, 7, 19
Suppose 0 = 10*v - 954 - 546. List the prime factors of 7*-3*(-5650)/v.
7, 113
Suppose -5*n + 69 = -5*g + 289, 0 = 3*n - 12. What are the prime factors of 769 + ((-16)/g)/((-1)/12)?
773
Suppose 2*r - 437 = -3*o, -5*r + 300 = -4*o - 712. List the prime factors of r.
2, 13
Let k(a) = -257*a - 21. Let i(r) = r - 19. Let g be i(14). Let w be k(g). Suppose 10*p - 18*p + w = 0. List the prime factors of p.
2, 79
Let n = 26744 - 4736. List the prime factors of n.
2, 3, 7, 131
Let u = 46372 - 19725. List the prime factors of u.
26647
What are the prime factors of ((-1350)/(-72))/((-724)/368 + 2)?
5, 23
Let b(z) be the first derivative of -z**6/120 + 7*z**5/60 - z**3/2 - 5*z**2 + 8. Let t(v) be the second derivative of b(v). List the prime factors of t(6).
3, 11
Let l be (-10)/(-55) + (45/55 - 1). Suppose -4*c + 3*a = -1201, l*c = -3*c - 4*a + 932. List the prime factors of c.
2, 19
Suppose -5*f - 5*s = 4715, 4731 = -5*f - s + 4*s. Let q = f - -1427. List the prime factors of q.
2, 241
Suppose d = -0*a + 3*a - 5, 20 = -4*d. Suppose -20*y + 5*y + 1485 = a. What are the prime factors of y?
3, 11
Let m = 1115 + -417. List the prime factors of m.
2, 349
Let h = 152 - 149. Suppose -o - 3*c = -941, h*o - c = c + 2878. List the prime factors of o.
2, 239
Let n(w) = -6*w + 38 + 26 - 57. Let i(p) = p - 1. Let z(t) = -5*i(t) - n(t). List the prime factors of z(10).
2
Suppose 2*y = -2*o + 21362, -2*o + 15*y + 21382 = 13*y. List the prime factors of o.
2, 3, 13, 137
Suppose -81 = 4*b + 199. Let l = b + 71. What are the prime factors of ((1 - 3) + l)*-22?
2, 11
Let k(y) = -895*y - 2376. List the prime factors of k(-15).
3, 29, 127
Let o(k) be the first derivative of -17*k**4/2 - k**3/3 - k**2 - 9*k + 1. Let v be o(-4). Suppose 14*r - 137 - v = 0. What are the prime factors of r?
2, 41
Let c = 1172 - 982. Suppose 0 = -z + c + 62. List the prime factors of z.
2, 3, 7
Suppose -61*k - 67*k = -135*k + 56854. List the prime factors of k.
2, 31, 131
Suppose -14366 = -5*l + 4*y - 3*y, 5*y = -l + 2842. List the prime factors of l.
2, 359
Let q(c) = -397*c + 377. Let m be q(-20). Suppose 11*t - m + 727 = 0. List the prime factors of t.
2, 3, 5, 23
Let u(o) = -12*o**2 + 2*o + 24. Let d be u(-7). Let l = 1072 + d. What are the prime factors of l/4 + (-12)/8?
2, 61
Let j = 785 + -409. Let k(d) = 80*d**2 - 180*d + 19. Let f be k(4). Let h = f - j. What are the prime factors of h?
7, 29
Suppose 33 = 4*n + 5*x, -4*n + x = -0*x - 3. Suppose 0*p + 1100 = n*z - 2*p, z + 5*p - 580 = 0. List the prime factors of z.
3, 5, 37
Suppose -5*w = 0, -9*q + 14*q - 4*w - 20 = 0. Suppose t - 2*j = 826, -8*t + 2*j + 3280 = -q*t. List the prime factors of t.
2, 409
List the prime factors of (-4)/(-54) - (-153038364)/5994.
2, 13, 491
Let n(r) = r**3 + 9*r**2 - 7*r - 59. Let t be n(-10). What are the prime factors of t*(-9)/(-12)*(-24)/9?
2, 89
Let t be ((-8)/18)/2 + (-1426